 = w**3 + 7*w**2 + 5. Let h be i(-7). Calculate b(h).
-1
Let s(b) = -4*b**2 - 3*b + 2*b**3 - 3 - 3*b + 1 - b**3. Let a be (-1 - (-1)/2)*-10. What is s(a)?
-7
Let n(o) = -4*o - 1. Suppose -3*v + 13 = -5*m, v + 2 = -v - 2*m. Determine n(v).
-5
Let t(l) = -2*l + 2. Let r be 8 + -11 + (8 - 1). Calculate t(r).
-6
Let k(d) = -d + 6. Let r(y) = y**2 - 4*y - 2. Let q be r(5). Let l(o) = -o - 1. Let s(c) = -1. Let p(x) = l(x) - 4*s(x). Let g be p(q). What is k(g)?
6
Let b(p) = -p**3 + 4*p**2 + 6*p - 3. Let g be (20/25)/((-1)/(-10)). Let o = 13 - g. Suppose -o*h + 19 = -6. What is b(h)?
2
Let w(x) = -4*x**2 - 4*x + 4. Let z(u) = -5*u**2 - 5*u + 5. Let r(s) = 6*w(s) - 5*z(s). Calculate r(-3).
5
Suppose 3*w = 3*k, -5*w + 30 = -0*k + k. Let i(c) be the first derivative of -c**3/6 + 2*c**2 - c + 1. Let d(b) be the first derivative of i(b). Give d(w).
-1
Suppose 5*c - 3*p = 13, 5*c + 1 = 5*p + 6. Let k(x) = -x**2 + 6*x - 4. Give k(c).
1
Let j(a) = -a**3 - a**2 + a + 1. Let g be j(-2). Suppose -5*w - g = -2*w - 3*u, 4*w + 14 = 2*u. Let x(t) = t + 6. Give x(w).
0
Let j(o) = -5*o + 1. Suppose 4*a = -9 + 17. What is j(a)?
-9
Let i be (-1 + 5 - -1) + -2. Let c(q) = 2*q - 2. Let f be c(i). Let s(d) = 3*d + 2. Determine s(f).
14
Let v(i) = 6*i**3 - 2 - i - 5*i**3 - 2. Suppose s + 2*s = 0. What is v(s)?
-4
Let m = 56 - 51. Let z(q) = q**3 - 4*q**2 - 4*q - 2. Calculate z(m).
3
Let z(w) be the third derivative of w**5/60 - w**4/6 + w**3/6 - 16*w**2. Determine z(3).
-2
Suppose -2*h - 2 = -8. Suppose -h*d + 5*x = 1, -3*d + 0 + 1 = -4*x. Let n(t) = t**2 - 5*t. What is n(d)?
-6
Let o = 13 + -19. Let q(i) = i**3 + i + 1. Let r(j) = 7*j**3 + 6*j + 5. Let w(d) = o*q(d) + r(d). Calculate w(1).
0
Let n(w) = -3*w**2 - 2*w**2 - 2*w**2 + w**2 + 7*w + 4. Let f(r) = r**3 - 5*r**2 + 6*r + 3. Let c(l) = 5*f(l) - 4*n(l). What is c(1)?
5
Suppose -5*t + 24 = 4*k, 0 = 3*t + 2*k - 12 - 2. Let h(u) = -u**2 + 3*u + 3. Give h(t).
-1
Let g(d) be the first derivative of d**3/6 - 3*d**2/2 - 6*d - 5. Let c(x) be the first derivative of g(x). What is c(-3)?
-6
Let s be (8/(-6))/((-34)/153). Let f(b) = -3*b + 7. Determine f(s).
-11
Let r(o) be the third derivative of -o**4/24 - 2*o**3/3 - 9*o**2. Determine r(-5).
1
Let t(a) = a**3 - 6*a**2 + 2*a - 7. Let m be t(6). Let o(x) = 2 + m*x - 4*x - 1 + 0*x. Suppose 5*w = -5*y - 5, 0 = y - 6*y + 4*w + 13. What is o(y)?
2
Let g(b) = -b - 8. Let u = -1 - 6. What is g(u)?
-1
Let v(p) be the third derivative of 0 + 5/24*p**4 - 9*p**2 - 1/60*p**5 + 1/2*p**3 + 0*p. What is v(4)?
7
Let l(g) = -g + 6. Suppose -4*y + 6 = -y. Suppose -c = -y - 3. What is l(c)?
1
Let i(o) = -6 - o + 10 - 3. Let u be i(2). Let t(s) = -5*s**3 - 2*s**2 - s. Determine t(u).
4
Suppose t - 2 = -t. Let v(l) be the first derivative of l**4/4 + l**3/3 - l + 1. Determine v(t).
1
Let y(o) be the third derivative of o**9/60480 + o**8/5040 + o**7/1260 + o**6/180 - o**5/60 + 2*o**2. Let l(j) be the third derivative of y(j). Calculate l(-3).
1
Suppose -2*w - 1 + 15 = 0. Let k(d) = w*d - 2 - 3*d**2 + 4 - 2*d + 4*d**2. Determine k(-3).
-4
Let u(y) = y**2 + 6*y + 2. Let t be u(-6). Let p(q) = 0*q + 1 + 0*q + 0*q - 3*q. Give p(t).
-5
Let g(c) = c + 3 + 4 - 3 + 3. Determine g(0).
7
Suppose 5 = o - 6*o. Let n be (-6)/(-3) + o + 2. Let v(q) = -2*q**3 - 16*q**2 + 19*q**2 + q**3 + n - 5*q. What is v(3)?
-12
Let d(t) = -t**2 + 6*t + 2. Let c be d(7). Let h = 1 + c. Let z(v) = -v**3 - 4*v**2. Calculate z(h).
0
Let z = -5 - -9. Suppose 14 - 2 = z*c. Let f(a) = -a + c + 5 - 3. Determine f(4).
1
Let u(j) = j**3 + 2*j**2 - 5*j + 2. Suppose 5*n + 2*s + 30 = -0*n, -s = 2*n + 13. Give u(n).
-10
Let y(a) be the second derivative of -a**3/6 - 7*a**2/2 - 2*a - 24. Calculate y(-9).
2
Let x(a) be the second derivative of 1/2*a**2 + 0 - 1/6*a**3 + 2*a. What is x(4)?
-3
Let w(d) = -7*d - 1. Let s(b) = 11*b + 2. Let u(n) = 5*s(n) + 8*w(n). Calculate u(7).
-5
Let q(v) = -v**3 - 6*v**2 + 4. Suppose 0 = 11*j - 20 + 86. Give q(j).
4
Let n(l) = l**2 + l - 11. Let r = 7 + -4. Let j(y) = 1. Let w(p) = r*j(p) + n(p). Let f = 7 - 7. Calculate w(f).
-8
Let b(y) = y**3 - 5. Let p be b(0). Let h(j) = j**2 + 4*j - 1. Give h(p).
4
Let q(g) be the third derivative of -g**5/60 - 5*g**4/24 + 3*g**3/2 - 4*g**2. Calculate q(-7).
-5
Let m(r) = -r**3 - 8*r**2 - 7*r - 1. Let c be m(-7). Let j(b) = 11*b - b + b + 1. Determine j(c).
-10
Let l(t) = 4*t + 7. Let h(u) = -6*u - 10. Let j(g) = 5*h(g) + 7*l(g). Let w be 4/22 - 72/33. Give j(w).
3
Let n(r) = 6 + r + r**3 - 5 - 5 + 4*r**2. Suppose 2*f = -5*q - 2*f - 7, -1 = 3*q + 4*f. Determine n(q).
2
Let b(m) = 2*m**2 + 3*m + 3. Suppose -5*r + 8 = -4*w, 4 = -4*r - 3*w - 2. Suppose 1 = 2*t - 3. Suppose r = 2*u - t + 6. Calculate b(u).
5
Let y(w) be the first derivative of w**3/3 + 3*w**2 + 6*w + 1. Let i(u) = -3*u - 2. Let d be i(-2). Suppose d*s - s + 27 = 4*f, f = 5*s + 28. Give y(s).
1
Suppose -15 = -4*i - 39. Let r be (-21)/(-9) + (-4)/i. Let s(j) = -j - 1 + r - j. Determine s(-2).
6
Suppose c = 3*j + 12, 2*j = -3*c + 4 - 12. Let x(f) = f**2 + 4*f + 2. Let k(a) = -a**2 - 5*a - 3. Let n(q) = 3*k(q) + 4*x(q). Calculate n(c).
-1
Let k(c) = -c**2 + 3*c + 4. Let n be k(5). Let a(y) = -y**2 - 7*y - 8. Give a(n).
-2
Let s(m) = -m**3 - 3*m**2 + 5*m + 4. Let f be s(-4). Let z(p) = -p + f + 2 + 3 - 3. Calculate z(4).
-2
Let u(p) = p**3 + 5*p**2 + 5*p. Let j be 2*2/((-8)/(-6)). Suppose 2*v - 36 = j*l - v, 5*v = 2*l + 39. Let s = l + 3. Calculate u(s).
-4
Let l(g) = 2*g**3 + g**2 + 4*g - 2. Let q(b) = -3*b**3 - b**2 - 5*b + 2. Suppose 4*n - 7 = 2*u - 1, n - 14 = -2*u. Let d(y) = n*l(y) + 3*q(y). What is d(0)?
-2
Let d(x) = x**2 + 5*x - 1. Suppose -7*h = -2*h + 25. Let t be d(h). Let z(l) = -16*l**2. Determine z(t).
-16
Let o(f) = -3 + 4*f**2 + 4*f + f - 3*f**2. Let g = 20 - 26. What is o(g)?
3
Let y = -91 + 133. Let u be (-12)/(-48) - y/8. Let h(x) = -x**2 - 4*x + 5. Determine h(u).
0
Let c be -6*4/6 + 4. Let v(l) be the third derivative of l**6/120 + l**5/60 - l**4/24 - l**3/3 - l**2. Give v(c).
-2
Let j(d) = 12*d - d**3 - 4*d - 13 + 6 + d**2 + 4*d**2. What is j(6)?
5
Let l(t) = -t**3 + t**2 - t - 1. Let x(g) = -6*g**3 + 4*g**2 - 4*g - 6. Let s(c) = -5*l(c) + x(c). Give s(0).
-1
Let r(w) be the second derivative of -w**5/20 - w**4/4 + 5*w**3/6 - 3*w**2 + 23*w. Give r(-5).
19
Let u(c) be the third derivative of -c**6/120 - c**5/10 - c**4/6 - c**3/3 + 2*c**2. Calculate u(-2).
-10
Let p(b) be the third derivative of 2*b**2 + 0 - 1/2*b**3 + 0*b - 1/24*b**4. Suppose -2 = c + 2. What is p(c)?
1
Let o = 7 + 1. Let j(l) = l**3 - 7*l**2 - 8*l + 2. Give j(o).
2
Let u(b) = -3*b + 5. Let g be 6/10*(22 + -12). Calculate u(g).
-13
Let l(n) = -6*n - 13. Let o(d) = 5*d + 13. Let b(y) = -4*l(y) - 5*o(y). Let r be b(-9). Let j(m) = -m**2 - 6*m - 6. Give j(r).
2
Suppose 0*i - 4*i + 15 = 5*y, -12 = -4*y. Let j(k) = -k + i*k + 0*k. Suppose 4*h + 5 + 3 = 0. Calculate j(h).
2
Let s(c) = -c + 6. Let h be s(0). Suppose -w + 0 = h. Let l(z) = z**2 + 4*z - 7. What is l(w)?
5
Let p(z) = 6*z. Suppose -4*s - 5*y = s - 15, -4*s - 3*y + 8 = 0. Determine p(s).
-6
Let r = -4 - -5. Suppose 4*c - 5 = -r. Let f(o) = 6*o. What is f(c)?
6
Let s(v) = v**2 - 2*v + 1. Let z = 7 - 4. Let g be s(z). Suppose -4*t - 8 = 2*f, 4*f + g*t - 2*t = 2. Let k(d) = d**3 - 3*d**2 + 3*d - 2. Calculate k(f).
0
Suppose 5*t = -5*m + 45, 0 = 5*m - 3*t - 17 + 4. Let b(r) = r**2 - 4*r - 4. Give b(m).
1
Let g(v) be the third derivative of 0*v**3 + 2*v**2 + 0*v - 1/60*v**5 + 0*v**4 + 0 - 1/40*v**6. Let h be ((-2)/(-3))/(2/3). Determine g(h).
-4
Let h(g) = -5*g + 1. Suppose 0 = 3*z + 2 + 1, z - 5 = -2*a. Suppose 2*j = j - 4. Let b = j + a. Calculate h(b).
6
Let c(q) be the first derivative of -17*q**4/4 + q**3/3 - q**2/2 + 16. Give c(1).
-17
Suppose -16 = 3*r - 67. Let j(z) = 20*z - 20. Let p(g) = -7*g + 7. Let f(a) = r*p(a) + 6*j(a). Give f(3).
2
Let z(h) be the second derivative of h**3/3 + 5*h**2/2 + 34*h. What is z(-5)?
-5
Let s(v) = -3*v**3 - 4*v. Let b(d) = d**3 - d**2 + d - 1. Let c(p) = -4*b(p) - s(p). Let l = -4 - -8. What is c(l)?
4
Let d(m) = -3*m - 1. Suppose 5*o + 2*s - 13 = 0, 10 - 2 = -4*o + 3*s. Give d(o).
-4
Let u(s) be the first derivative of -2 - 5/2*s**2 + 1/3*s**3 + 3*s. Determine u(5).
3
Let w(u) = -u**2 + 8*u + 4. Let x be w(8). Suppose -3*d = -5*